actors of x - (-10)/(0 - -2).
2, 401
Let n(y) = -65*y + 43. Let m be n(-11). Let w = -428 + m. What are the prime factors of w?
2, 3, 5, 11
Suppose 4*f - 35 = -11. Let k be -4 + ((-400)/(-30))/(2/f). What are the prime factors of 2/6 + 5604/k?
2, 3, 13
Let j be -123 + -1*(5 - 0). Let g = 150 - j. List the prime factors of g.
2, 139
Let j be (-10)/(-6) + (-90)/135. List the prime factors of (5 - 12)/(j/(-4)).
2, 7
Suppose 35 - 1 = -3*j - 5*o, -23 = j + 4*o. Let i be 15/(-2)*(-8)/j*-1. Suppose 3*d = -d - i, -5*d = 3*k - 194. What are the prime factors of k?
73
Let f(c) = 98*c - 1. Let m be 2/(-8) - (-102)/(-8). Let o be 10/12 + m/(-78). List the prime factors of f(o).
97
Let r(m) = -1212*m - 1021. What are the prime factors of r(-11)?
13, 947
Suppose -4*o + 5*n = 8*n - 5760, 0 = 4*o - n - 5776. Let m = 2946 - o. List the prime factors of m.
3, 167
Let p be ((-22)/(-33))/(3/(-9)). Let i be 0 + p + 113 + -1 + 3. Let b = -105 + i. List the prime factors of b.
2
Let z = 0 - -5. Suppose z*j = -5 + 15. List the prime factors of (1045/22)/(j/(1 - -3)).
5, 19
Let h(v) = 800*v**2 - 1975*v + 35. List the prime factors of h(8).
5, 19, 373
Let a(t) = -1 + 4*t**2 - 257*t**3 - t - 517*t**3 - 1 - 2*t + 6*t. What are the prime factors of a(-1)?
773
List the prime factors of (171/6 - -1)/(35981/2398 - 15).
59, 109
Let n = -24276 + 45660. What are the prime factors of n?
2, 3, 11
Let t be (-21)/18*(7 + -1). Let i(q) = -116*q - 28. List the prime factors of i(t).
2, 7
Suppose -41*m + 37*m + 1552 = 0. Suppose m = 6*t - 14. What are the prime factors of t?
67
Let a = 60 + 0. Suppose 50 - a = -5*c. Suppose -3*b - p = c*b - 488, -3*b - p = -292. What are the prime factors of b?
2, 7
Let l(v) = -v**3 + 6*v**2 + 10*v + 4. Let h be l(8). Let o = h + 44. What are the prime factors of 0/2 + 31 + o?
31
Let j(v) = -v**3 + 16*v**2 - 14*v - 16. Let c(y) = y**3 + 10*y**2 - 10*y + 26. Let i be c(-11). Let m be j(i). List the prime factors of (4 - -177) + 5*m.
2, 11
List the prime factors of 26769/4*(943/(-69) + 15).
8923
Let m(z) = z**3 - 28*z**2 + 29*z - 54. Let d be m(27). Suppose d*l - 2*l = -482. Suppose l = 5*r - 4*w, -r + 4*r = w + 139. List the prime factors of r.
3, 5
Let m(j) = -36*j**2 - 12*j + 21. Let h be m(2). Let t = 74 - h. List the prime factors of t.
13, 17
Let n(f) = 5*f**2 - 424*f + 30. What are the prime factors of n(-26)?
2, 7, 1031
Suppose -8*b = 17*b + 26*b - 2641596. List the prime factors of b.
2, 23, 563
Suppose 0 = -5*q + 25, -4*q = 25*n - 24*n - 34372. List the prime factors of n.
2, 19, 113
Let c = -686 - -5363. What are the prime factors of c/17 - 14/119?
5, 11
Suppose -3*i + 4*v + 10977 = -16477, -5*v - 36605 = -4*i. What are the prime factors of i?
2, 3, 5, 61
Suppose 28*j + 87 = 4*l + 25*j, -3*j = 5*l - 129. What are the prime factors of 3/l + 43979/104?
3, 47
Suppose -88*u + 98*u = 18840. List the prime factors of u.
2, 3, 157
Let g(r) = -1371*r - 766. What are the prime factors of g(-5)?
6089
Let v(p) = 515*p + 3. Let x(o) = -171*o - 1. Let t(h) = -4*v(h) - 11*x(h). What are the prime factors of t(-1)?
2, 89
Suppose 0 = -24*i - 390655 - 238625. What are the prime factors of i/(-25) - (2 + 24/(-20))?
2, 131
Suppose -29*x + 10406 = 459. Let t = x - -32. What are the prime factors of t?
3, 5
Suppose -4*y + 38 + 22 = 2*g, 0 = -4*y + 12. Let f be (-4)/4 + -2 + (5 - 0). List the prime factors of (60/g)/(f/44).
5, 11
Let k(j) = j**3 - 5*j**2 - 4*j - 7. Let o be 1/4 + 253/44. Let d be k(o). Suppose -1278 = -d*m - 4*m. What are the prime factors of m?
2, 71
Suppose -49*p + 173342 = 64*p. List the prime factors of p.
2, 13, 59
Suppose 133799 = -0*i + 67*i. List the prime factors of i.
1997
Suppose 5*k + 17 = -4*m + 5, 2*k = -3*m - 9. Suppose k = -13*x + 26*x - 14144. List the prime factors of x.
2, 17
Let b = 67 + -57. Let g(u) = -6*u + 57. Let o be g(b). List the prime factors of (-131 - 4)*o/(-15)*-2.
2, 3
Let a = -689 + 722. Suppose 35*s - a*s = 3756. What are the prime factors of s?
2, 3, 313
Let h(s) = 4*s - 12. Suppose 6 = -16*i + 22*i. Suppose -4*t - i = -37. List the prime factors of h(t).
2, 3
Let m = 75 + -109. Let k be ((-1)/(-1))/((-12)/36). Let o = k - m. List the prime factors of o.
31
Suppose -r + 0*r + 3 = 0. Let o be (-70)/r + 3/9. Let s = 64 + o. List the prime factors of s.
41
Let b(j) = -j**3 + 5*j**2 + 8*j + 2. Let u be b(6). Let y be 6/(-9) + u/3. Suppose 148 = 4*c + 4*a, -3*c = a - y*a - 93. What are the prime factors of c?
2, 17
Suppose -p - 5 = 3*o, -p - 2*o = -0*o + 4. Let s be -6*(459/p)/9. Let k = s + -74. What are the prime factors of k?
79
List the prime factors of 1/(-15) - (-19464381)/1215.
2, 3, 5, 89
What are the prime factors of (-10 - (-34462 + -3)) + -3*20/15?
47, 733
Let q be (7572/16)/(60/16 - 3). Suppose -x - z + q = 0, 6*z = -4*x + 7*z + 2504. What are the prime factors of x?
3, 11, 19
Let m = -297 - -301. Suppose 2*h - 1994 = 2*r, -m*h + 3988 = -10*r + 12*r. List the prime factors of h.
997
Let c = 43 + -48. Let b = 250 + c. Suppose o = -3*q + 711, -q - 2*o - 8 = -b. List the prime factors of q.
3, 79
Let k be -1 + 7/(21/6) - -1. Suppose -k*t + 6*t = 40. Suppose -t = 5*i, 8*n - 6*n - 5*i = 198. What are the prime factors of n?
2, 47
Let t be 3/6 - (255/2 - -5). Let p(u) = -u**3 + 7*u**2 - 9*u + 2. Let j be p(7). Let v = j - t. What are the prime factors of v?
71
Suppose -40*a + 7*a = 30*a - 1925721. List the prime factors of a.
3, 23, 443
Let q be 0 + (-10)/(-35) + 4/(-14). Suppose -12*z + 6*z + 672 = q. List the prime factors of z.
2, 7
Let p(g) = g**3 + 2*g**2 - 3*g - 4. Let v be p(-2). What are the prime factors of -2 - (-309 - v) - -5?
2, 157
Let u = -6090 - -8904. What are the prime factors of u?
2, 3, 7, 67
Let i(k) = -k**3 + 5*k**2 + k - 5. Let r be i(5). Let l(f) = 2*f. Let d(m) = -m**3 + 7*m + 81. Let z(j) = d(j) - 3*l(j). List the prime factors of z(r).
3
Let p = 3624 + 1528. Suppose 33*s = 5*s + p. List the prime factors of s.
2, 23
Let z be -42*(88/(-12) - -4) + 3. Let w = z - -28. Let p = w + 84. What are the prime factors of p?
3, 5, 17
Let f = 8096 - 8022. List the prime factors of f.
2, 37
Let u(d) = 115*d**2 + 24*d - 3. Let z be u(-6). Suppose 7*w - 1341 - z = 0. List the prime factors of w.
2, 3, 127
Let f(w) = -w**3 - 4*w**2 + 10*w + 21. Let b be f(-6). Let o = b - 31. List the prime factors of 24 - -1 - (5 - o).
2, 11
Let p(f) = 695*f - 295. What are the prime factors of p(10)?
5, 11
Let g(n) = n - 21. Let p be g(17). List the prime factors of (-32 + 3 + -5)/(p/46).
17, 23
Let u(i) = 2*i**2 - 6*i + 10. Let h be u(5). Let x = 30 - h. Suppose -5*y + q + 179 = x, 4*y - 2*q = 204 - 56. What are the prime factors of y?
5, 7
List the prime factors of (-295578)/(-54) - (-38)/(-57).
13, 421
Let a = 26 - 22. Let s be ((-6)/(-9))/(a/24). Suppose v = 2*d + s*v - 121, 240 = 5*d - 5*v. What are the prime factors of d?
53
Let d be (18/54)/(2/18). Suppose -5*x = n + n - 756, d*n + 2*x - 1134 = 0. What are the prime factors of n?
2, 3, 7
Let o(h) = 32*h - 1. Let u be o(8). Suppose u = 5*n - 0*n. List the prime factors of (1*n/(-6))/((-1)/14).
7, 17
Let s(i) = 52*i + 299. Let c be ((-6)/(-5))/((-42)/(-70)) - 2. What are the prime factors of s(c)?
13, 23
Let l be 20/25*5 - -9. Suppose 536 = 17*n - l*n. Suppose -3*d - 2*v + 121 + 67 = 0, 0 = 2*d - 3*v - n. What are the prime factors of d?
2
Let a = 695 - -1541. Suppose 5*x - 4*r = x + a, -5*r = 2*x - 1104. List the prime factors of x.
557
Let g = 356 + -351. Suppose 529 = 2*o - 3*c, 3*o - 792 = -0*c + g*c. List the prime factors of o.
269
Suppose 0 = -0*u - 6*u - 624. Let b = -84 - u. Suppose b*k - 17*k = 261. List the prime factors of k.
3, 29
Let a(z) = 61 - 9 + 2 - 5*z. List the prime factors of a(-7).
89
Let i(m) = 5*m**3 + 7*m**2 + 6*m - 4. Let x(a) = -6*a**3 - 6*a**2 - 5*a + 3. Let z(d) = 7*i(d) + 6*x(d). What are the prime factors of z(10)?
2, 5, 41
Suppose 0 = 3*a - 6, 9*x - 695 = 8*x + 3*a. What are the prime factors of x?
701
Let d(q) = 7*q**3 + 33*q**2 + 21*q + 137. List the prime factors of d(14).
26107
Let c(m) = 487*m - 39. Let y(l) = -4*l + 1. Let f(p) = c(p) + 6*y(p). List the prime factors of f(2).
19, 47
Let h(w) = -3*w**3 + 3*w**2 - 5*w - 4. Let a be h(-4). Let z = a - -718. What are the prime factors of z?
2, 487
Suppose 13*f + 3183 = 16